{"id":40,"date":"2023-08-21T02:21:08","date_gmt":"2023-08-21T02:21:08","guid":{"rendered":"https:\/\/demo2wpopal.b-cdn.net\/lovewish\/?page_id=40"},"modified":"2025-03-18T13:18:39","modified_gmt":"2025-03-18T13:18:39","slug":"contact","status":"publish","type":"page","link":"https:\/\/fundacjastrefakobiet.pl\/?page_id=40","title":{"rendered":"Wesprzyj nas"},"content":{"rendered":"\t\t<div data-elementor-type=\"wp-page\" data-elementor-id=\"40\" class=\"elementor elementor-40\">\n\t\t\t\t<div class=\"elementor-element elementor-element-fd20bf5 e-flex e-con-boxed e-con e-parent\" data-id=\"fd20bf5\" data-element_type=\"container\">\n\t\t\t\t\t<div class=\"e-con-inner\">\n\t\t<div class=\"elementor-element elementor-element-ca38a88 e-con-full e-flex e-con e-child\" data-id=\"ca38a88\" data-element_type=\"container\">\n\t\t\t\t<div class=\"elementor-element elementor-element-59259d2 elementor-widget elementor-widget-heading\" data-id=\"59259d2\" data-element_type=\"widget\" data-widget_type=\"heading.default\">\n\t\t\t\t<div class=\"elementor-widget-container\">\n\t\t\t\t\t<h5 class=\"elementor-heading-title elementor-size-default\">Zebrane \u015brodki przeznaczamy na dzia\u0142alno\u015b\u0107 statutow\u0105, m.in. wsparcie dla kobiet.<\/h5>\t\t\t\t<\/div>\n\t\t\t\t<\/div>\n\t\t\t\t<\/div>\n\t\t<div class=\"elementor-element elementor-element-ec6032a e-con-full e-flex e-con e-child\" data-id=\"ec6032a\" data-element_type=\"container\">\n\t\t\t\t<div class=\"elementor-element elementor-element-819ed34 elementor-widget__width-initial elementor-widget elementor-widget-text-editor\" data-id=\"819ed34\" data-element_type=\"widget\" data-widget_type=\"text-editor.default\">\n\t\t\t\t<div class=\"elementor-widget-container\">\n\t\t\t\t\t\t\t\t\t<h5>Przelew tradycyjny<\/h5><p>Je\u017celi wolisz tradycyjn\u0105 form\u0119 p\u0142atno\u015bci, mo\u017cesz dokona\u0107 przelewu na poni\u017csze dane:<\/p><p><strong data-start=\"1332\" data-end=\"1345\">Odbiorca:<\/strong> Fundacja Strefa Kobiet<\/p><p><strong data-start=\"1371\" data-end=\"1381\">Adres:<\/strong> 1 Dywizji Pancernej 45, 43-300 Bielsko-Bia\u0142a<\/p><p><strong>Konto FSK 90 1090 2590 0000 0001 5078 8272<\/strong><\/p><p><strong data-start=\"1485\" data-end=\"1504\">Tytu\u0142 przelewu:<\/strong> &#8222;Darowizna na cele statutowe&#8221;<\/p><h6>Konto KRS 0000215720 1.5% Podatku<\/h6>\t\t\t\t\t\t\t\t<\/div>\n\t\t\t\t<\/div>\n\t\t\t\t<\/div>\n\t\t\t\t\t<\/div>\n\t\t\t\t<\/div>\n\t\t<div class=\"elementor-element elementor-element-9dfda7f e-con-full e-flex e-con e-parent\" data-id=\"9dfda7f\" data-element_type=\"container\">\n\t\t\t\t<div class=\"elementor-element elementor-element-26de0f3 elementor-widget elementor-widget-google_maps\" data-id=\"26de0f3\" data-element_type=\"widget\" data-widget_type=\"google_maps.default\">\n\t\t\t\t<div class=\"elementor-widget-container\">\n\t\t\t\t\t\t\t<div class=\"elementor-custom-embed\">\n\t\t\t<iframe loading=\"lazy\"\n\t\t\t\t\tsrc=\"https:\/\/maps.google.com\/maps?q=1%20Dywizji%20Pancernej%2045%2C%2043-300%20Bielsko-Bia%C5%82a&#038;t=m&#038;z=10&#038;output=embed&#038;iwloc=near\"\n\t\t\t\t\ttitle=\"1 Dywizji Pancernej 45, 43-300 Bielsko-Bia\u0142a\"\n\t\t\t\t\taria-label=\"1 Dywizji Pancernej 45, 43-300 Bielsko-Bia\u0142a\"\n\t\t\t><\/iframe>\n\t\t<\/div>\n\t\t\t\t\t\t<\/div>\n\t\t\t\t<\/div>\n\t\t\t\t<\/div>\n\t\t\t\t<\/div>\n\t\t","protected":false},"excerpt":{"rendered":"<p>Zebrane \u015brodki przeznaczamy na dzia\u0142alno\u015b\u0107 statutow\u0105, m.in. wsparcie dla kobiet. Przelew tradycyjny Je\u017celi wolisz tradycyjn\u0105 form\u0119 p\u0142atno\u015bci, mo\u017cesz dokona\u0107 przelewu na poni\u017csze dane: Odbiorca: Fundacja Strefa Kobiet Adres: 1 Dywizji Pancernej 45, 43-300 Bielsko-Bia\u0142a Konto FSK 90 1090 2590 0000 0001 5078 8272 Tytu\u0142 przelewu: &#8222;Darowizna na cele statutowe&#8221; Konto KRS 0000215720 1.5% Podatku<\/p>\n","protected":false},"author":1,"featured_media":0,"parent":0,"menu_order":0,"comment_status":"closed","ping_status":"closed","template":"template-homepage.php","meta":{"footnotes":""},"class_list":["post-40","page","type-page","status-publish","hentry"],"_links":{"self":[{"href":"https:\/\/fundacjastrefakobiet.pl\/index.php?rest_route=\/wp\/v2\/pages\/40","targetHints":{"allow":["GET"]}}],"collection":[{"href":"https:\/\/fundacjastrefakobiet.pl\/index.php?rest_route=\/wp\/v2\/pages"}],"about":[{"href":"https:\/\/fundacjastrefakobiet.pl\/index.php?rest_route=\/wp\/v2\/types\/page"}],"author":[{"embeddable":true,"href":"https:\/\/fundacjastrefakobiet.pl\/index.php?rest_route=\/wp\/v2\/users\/1"}],"replies":[{"embeddable":true,"href":"https:\/\/fundacjastrefakobiet.pl\/index.php?rest_route=%2Fwp%2Fv2%2Fcomments&post=40"}],"version-history":[{"count":32,"href":"https:\/\/fundacjastrefakobiet.pl\/index.php?rest_route=\/wp\/v2\/pages\/40\/revisions"}],"predecessor-version":[{"id":8328,"href":"https:\/\/fundacjastrefakobiet.pl\/index.php?rest_route=\/wp\/v2\/pages\/40\/revisions\/8328"}],"wp:attachment":[{"href":"https:\/\/fundacjastrefakobiet.pl\/index.php?rest_route=%2Fwp%2Fv2%2Fmedia&parent=40"}],"curies":[{"name":"wp","href":"https:\/\/api.w.org\/{rel}","templated":true}]}}